{"id":5635,"date":"2023-09-10T11:42:37","date_gmt":"2023-09-10T09:42:37","guid":{"rendered":"https:\/\/www.delikatessen-nussbaumer.at\/?post_type=product&#038;p=5635"},"modified":"2025-04-05T13:04:15","modified_gmt":"2025-04-05T11:04:15","slug":"chevre-dargental-200gm","status":"publish","type":"product","link":"https:\/\/www.delikatessen-nussbaumer.at\/?product=chevre-dargental-200gm&lang=de","title":{"rendered":"Ch\u00e8vre d&#8217;Argental &#8211; 200gm"},"content":{"rendered":"<p><strong>N\u00e4hrwerte:<\/strong><br \/>\n1288 kj\/296 kcal<br \/>\nFett: 24g, davon ges\u00e4ttigte Fetts\u00e4uren: 18g<br \/>\nKolenhydrate: 1g davon Zucker: 1g<br \/>\nEiwe\u00df: 19g<br \/>\nSalz: 1,5g<\/p>\n<p><strong>Zutaten:<br \/>\n<\/strong>Ziegenmilch &#8211; Pasteurisiert<br \/>\nKulturen<br \/>\nSalz<br \/>\nF.I.T: 45%<\/p>\n<p>&nbsp;<\/p>\n","protected":false},"excerpt":{"rendered":"<p>Der Ch\u00e8vre d&#8217;Argental ist ein Weichk\u00e4se aus pasteurisierte Ziegenmilch mit wei\u00dfer Schimmelrinde. Der Geschmack ist cremig und mild.<\/p>\n","protected":false},"featured_media":5636,"comment_status":"open","ping_status":"closed","template":"","meta":[],"product_brand":[],"product_cat":[107,162],"product_tag":[],"class_list":{"0":"post-5635","1":"product","2":"type-product","3":"status-publish","4":"has-post-thumbnail","6":"product_cat-kaese","7":"product_cat-ziegenmilchkaese","9":"first","10":"instock","11":"taxable","12":"shipping-taxable","13":"purchasable","14":"product-type-simple"},"_links":{"self":[{"href":"https:\/\/www.delikatessen-nussbaumer.at\/index.php?rest_route=\/wp\/v2\/product\/5635","targetHints":{"allow":["GET"]}}],"collection":[{"href":"https:\/\/www.delikatessen-nussbaumer.at\/index.php?rest_route=\/wp\/v2\/product"}],"about":[{"href":"https:\/\/www.delikatessen-nussbaumer.at\/index.php?rest_route=\/wp\/v2\/types\/product"}],"replies":[{"embeddable":true,"href":"https:\/\/www.delikatessen-nussbaumer.at\/index.php?rest_route=%2Fwp%2Fv2%2Fcomments&post=5635"}],"version-history":[{"count":1,"href":"https:\/\/www.delikatessen-nussbaumer.at\/index.php?rest_route=\/wp\/v2\/product\/5635\/revisions"}],"predecessor-version":[{"id":5930,"href":"https:\/\/www.delikatessen-nussbaumer.at\/index.php?rest_route=\/wp\/v2\/product\/5635\/revisions\/5930"}],"wp:featuredmedia":[{"embeddable":true,"href":"https:\/\/www.delikatessen-nussbaumer.at\/index.php?rest_route=\/wp\/v2\/media\/5636"}],"wp:attachment":[{"href":"https:\/\/www.delikatessen-nussbaumer.at\/index.php?rest_route=%2Fwp%2Fv2%2Fmedia&parent=5635"}],"wp:term":[{"taxonomy":"product_brand","embeddable":true,"href":"https:\/\/www.delikatessen-nussbaumer.at\/index.php?rest_route=%2Fwp%2Fv2%2Fproduct_brand&post=5635"},{"taxonomy":"product_cat","embeddable":true,"href":"https:\/\/www.delikatessen-nussbaumer.at\/index.php?rest_route=%2Fwp%2Fv2%2Fproduct_cat&post=5635"},{"taxonomy":"product_tag","embeddable":true,"href":"https:\/\/www.delikatessen-nussbaumer.at\/index.php?rest_route=%2Fwp%2Fv2%2Fproduct_tag&post=5635"}],"curies":[{"name":"wp","href":"https:\/\/api.w.org\/{rel}","templated":true}]}}