{"id":3803,"date":"2021-03-31T17:27:28","date_gmt":"2021-03-31T15:27:28","guid":{"rendered":"https:\/\/www.delikatessen-nussbaumer.at\/graz\/?post_type=product&#038;p=3803"},"modified":"2024-01-18T15:44:45","modified_gmt":"2024-01-18T14:44:45","slug":"tete-de-moine-reserve","status":"publish","type":"product","link":"https:\/\/www.delikatessen-nussbaumer.at\/?product=tete-de-moine-reserve&lang=de","title":{"rendered":"T\u00eate de Moine Reserve &#8211; 830 gm"},"content":{"rendered":"<p><strong>Nahrwerte:<br \/>\n<\/strong>1735kj\/415kcal<br \/>\nFett: 35g, davon ges\u00e4ttigte Fetts\u00e4uren: 22g<br \/>\nKolenhydrate: 1.1g davon Zucker: 1.1g<br \/>\nEiwe\u00df: 25g<br \/>\nSalz: 1.7g<\/p>\n<p><strong>Zutaten:<\/strong><\/p>\n<p>Kuhmilch &#8211; Roh<br \/>\nLab<br \/>\nKulturen<br \/>\nSalz<br \/>\nF.I.T: 50%<\/p>\n","protected":false},"excerpt":{"rendered":"<p>Nahrwerte: 1735kj\/415kcal Fett: 35g, davon ges\u00e4ttigte Fetts\u00e4uren: 22g Kolenhydrate: 1.1g davon Zucker: 1.1g Eiwe\u00df: 25g Salz: 1.7g Zutaten: Kuhmilch &#8211; Roh Lab [&hellip;]<\/p>\n","protected":false},"featured_media":5488,"comment_status":"closed","ping_status":"closed","template":"","meta":[],"product_brand":[],"product_cat":[107,155],"product_tag":[],"class_list":{"0":"post-3803","1":"product","2":"type-product","3":"status-publish","4":"has-post-thumbnail","6":"product_cat-kaese","7":"product_cat-kuhmilchkaese","9":"first","10":"instock","11":"taxable","12":"shipping-taxable","13":"purchasable","14":"product-type-simple"},"_links":{"self":[{"href":"https:\/\/www.delikatessen-nussbaumer.at\/index.php?rest_route=\/wp\/v2\/product\/3803","targetHints":{"allow":["GET"]}}],"collection":[{"href":"https:\/\/www.delikatessen-nussbaumer.at\/index.php?rest_route=\/wp\/v2\/product"}],"about":[{"href":"https:\/\/www.delikatessen-nussbaumer.at\/index.php?rest_route=\/wp\/v2\/types\/product"}],"replies":[{"embeddable":true,"href":"https:\/\/www.delikatessen-nussbaumer.at\/index.php?rest_route=%2Fwp%2Fv2%2Fcomments&post=3803"}],"version-history":[{"count":6,"href":"https:\/\/www.delikatessen-nussbaumer.at\/index.php?rest_route=\/wp\/v2\/product\/3803\/revisions"}],"predecessor-version":[{"id":4203,"href":"https:\/\/www.delikatessen-nussbaumer.at\/index.php?rest_route=\/wp\/v2\/product\/3803\/revisions\/4203"}],"wp:featuredmedia":[{"embeddable":true,"href":"https:\/\/www.delikatessen-nussbaumer.at\/index.php?rest_route=\/wp\/v2\/media\/5488"}],"wp:attachment":[{"href":"https:\/\/www.delikatessen-nussbaumer.at\/index.php?rest_route=%2Fwp%2Fv2%2Fmedia&parent=3803"}],"wp:term":[{"taxonomy":"product_brand","embeddable":true,"href":"https:\/\/www.delikatessen-nussbaumer.at\/index.php?rest_route=%2Fwp%2Fv2%2Fproduct_brand&post=3803"},{"taxonomy":"product_cat","embeddable":true,"href":"https:\/\/www.delikatessen-nussbaumer.at\/index.php?rest_route=%2Fwp%2Fv2%2Fproduct_cat&post=3803"},{"taxonomy":"product_tag","embeddable":true,"href":"https:\/\/www.delikatessen-nussbaumer.at\/index.php?rest_route=%2Fwp%2Fv2%2Fproduct_tag&post=3803"}],"curies":[{"name":"wp","href":"https:\/\/api.w.org\/{rel}","templated":true}]}}