{"id":3440,"date":"2021-02-23T18:48:58","date_gmt":"2021-02-23T17:48:58","guid":{"rendered":"https:\/\/www.delikatessen-nussbaumer.at\/graz\/product\/fondue-mischung\/"},"modified":"2023-12-20T14:23:46","modified_gmt":"2023-12-20T13:23:46","slug":"fondue-mischung","status":"publish","type":"product","link":"https:\/\/www.delikatessen-nussbaumer.at\/?product=fondue-mischung&lang=de","title":{"rendered":"Fondue Mischung mild &#8211; 400gm"},"content":{"rendered":"<p><strong>N\u00e4hrwerte:<br \/>\n<\/strong>1655kj\/402kcal<br \/>\nFett: 32g, davon ges\u00e4ttigte Fetts\u00e4uren: 19g<br \/>\nKolenhydrate: 0g davon Zucker: 0.0g<br \/>\nEiwe\u00df: 25g<br \/>\nSalz: 1g<\/p>\n<p><strong>Zutaten:<\/strong><br \/>\nKuhmilch &#8211; Roh<br \/>\nKulturen<br \/>\nLab<br \/>\nSalz<br \/>\nF.I.T: 50%<\/p>\n","protected":false},"excerpt":{"rendered":"<p>Eine Mischung aus 3 verschiedenen K\u00e4sesorten: Vorarlberger Emmentaler, Vorarlberger Bergk\u00e4se und ein Steirischer milder Schnittk\u00e4se.<\/p>\n","protected":false},"featured_media":5487,"comment_status":"open","ping_status":"closed","template":"","meta":[],"product_brand":[],"product_cat":[107,155],"product_tag":[],"class_list":{"0":"post-3440","1":"product","2":"type-product","3":"status-publish","4":"has-post-thumbnail","6":"product_cat-kaese","7":"product_cat-kuhmilchkaese","9":"first","10":"instock","11":"taxable","12":"shipping-taxable","13":"purchasable","14":"product-type-simple"},"_links":{"self":[{"href":"https:\/\/www.delikatessen-nussbaumer.at\/index.php?rest_route=\/wp\/v2\/product\/3440","targetHints":{"allow":["GET"]}}],"collection":[{"href":"https:\/\/www.delikatessen-nussbaumer.at\/index.php?rest_route=\/wp\/v2\/product"}],"about":[{"href":"https:\/\/www.delikatessen-nussbaumer.at\/index.php?rest_route=\/wp\/v2\/types\/product"}],"replies":[{"embeddable":true,"href":"https:\/\/www.delikatessen-nussbaumer.at\/index.php?rest_route=%2Fwp%2Fv2%2Fcomments&post=3440"}],"version-history":[{"count":5,"href":"https:\/\/www.delikatessen-nussbaumer.at\/index.php?rest_route=\/wp\/v2\/product\/3440\/revisions"}],"predecessor-version":[{"id":4227,"href":"https:\/\/www.delikatessen-nussbaumer.at\/index.php?rest_route=\/wp\/v2\/product\/3440\/revisions\/4227"}],"wp:featuredmedia":[{"embeddable":true,"href":"https:\/\/www.delikatessen-nussbaumer.at\/index.php?rest_route=\/wp\/v2\/media\/5487"}],"wp:attachment":[{"href":"https:\/\/www.delikatessen-nussbaumer.at\/index.php?rest_route=%2Fwp%2Fv2%2Fmedia&parent=3440"}],"wp:term":[{"taxonomy":"product_brand","embeddable":true,"href":"https:\/\/www.delikatessen-nussbaumer.at\/index.php?rest_route=%2Fwp%2Fv2%2Fproduct_brand&post=3440"},{"taxonomy":"product_cat","embeddable":true,"href":"https:\/\/www.delikatessen-nussbaumer.at\/index.php?rest_route=%2Fwp%2Fv2%2Fproduct_cat&post=3440"},{"taxonomy":"product_tag","embeddable":true,"href":"https:\/\/www.delikatessen-nussbaumer.at\/index.php?rest_route=%2Fwp%2Fv2%2Fproduct_tag&post=3440"}],"curies":[{"name":"wp","href":"https:\/\/api.w.org\/{rel}","templated":true}]}}