{"id":3429,"date":"2021-02-23T18:48:50","date_gmt":"2021-02-23T17:48:50","guid":{"rendered":"https:\/\/www.delikatessen-nussbaumer.at\/graz\/product\/camembert-aop\/"},"modified":"2025-04-05T13:14:30","modified_gmt":"2025-04-05T11:14:30","slug":"camembert-aop","status":"publish","type":"product","link":"https:\/\/www.delikatessen-nussbaumer.at\/?product=camembert-aop&lang=de","title":{"rendered":"Camembert AOP &#8211; 1 St\u00fcck"},"content":{"rendered":"<p><strong>N\u00e4hrweret:<\/strong><br \/>\n1180kj\/284kcal<br \/>\nFett: 22g, davon ges\u00e4ttigte Fetts\u00e4uren: 16g<br \/>\nKolenhydrate: 0,5g davon Zucker: 0.5g<br \/>\nEiwe\u00df: 21g<br \/>\nSalz: 1,7g<\/p>\n<p><strong>Zutaten:<\/strong><br \/>\nKuhmilch &#8211; Roh<br \/>\nMilchs\u00e4urebakterien<br \/>\nLab<br \/>\nSalz<\/p>\n","protected":false},"excerpt":{"rendered":"<p>Rohmilch K\u00e4se aus der Normandie mit wei\u00dfen Edelschimmel \u00fcberzogen.Geschmack nussig und leicht scharf.<\/p>\n","protected":false},"featured_media":5356,"comment_status":"open","ping_status":"closed","template":"","meta":[],"product_brand":[],"product_cat":[107,155],"product_tag":[],"class_list":{"0":"post-3429","1":"product","2":"type-product","3":"status-publish","4":"has-post-thumbnail","6":"product_cat-kaese","7":"product_cat-kuhmilchkaese","9":"first","10":"instock","11":"taxable","12":"shipping-taxable","13":"purchasable","14":"product-type-simple"},"_links":{"self":[{"href":"https:\/\/www.delikatessen-nussbaumer.at\/index.php?rest_route=\/wp\/v2\/product\/3429","targetHints":{"allow":["GET"]}}],"collection":[{"href":"https:\/\/www.delikatessen-nussbaumer.at\/index.php?rest_route=\/wp\/v2\/product"}],"about":[{"href":"https:\/\/www.delikatessen-nussbaumer.at\/index.php?rest_route=\/wp\/v2\/types\/product"}],"replies":[{"embeddable":true,"href":"https:\/\/www.delikatessen-nussbaumer.at\/index.php?rest_route=%2Fwp%2Fv2%2Fcomments&post=3429"}],"version-history":[{"count":6,"href":"https:\/\/www.delikatessen-nussbaumer.at\/index.php?rest_route=\/wp\/v2\/product\/3429\/revisions"}],"predecessor-version":[{"id":4276,"href":"https:\/\/www.delikatessen-nussbaumer.at\/index.php?rest_route=\/wp\/v2\/product\/3429\/revisions\/4276"}],"wp:featuredmedia":[{"embeddable":true,"href":"https:\/\/www.delikatessen-nussbaumer.at\/index.php?rest_route=\/wp\/v2\/media\/5356"}],"wp:attachment":[{"href":"https:\/\/www.delikatessen-nussbaumer.at\/index.php?rest_route=%2Fwp%2Fv2%2Fmedia&parent=3429"}],"wp:term":[{"taxonomy":"product_brand","embeddable":true,"href":"https:\/\/www.delikatessen-nussbaumer.at\/index.php?rest_route=%2Fwp%2Fv2%2Fproduct_brand&post=3429"},{"taxonomy":"product_cat","embeddable":true,"href":"https:\/\/www.delikatessen-nussbaumer.at\/index.php?rest_route=%2Fwp%2Fv2%2Fproduct_cat&post=3429"},{"taxonomy":"product_tag","embeddable":true,"href":"https:\/\/www.delikatessen-nussbaumer.at\/index.php?rest_route=%2Fwp%2Fv2%2Fproduct_tag&post=3429"}],"curies":[{"name":"wp","href":"https:\/\/api.w.org\/{rel}","templated":true}]}}