{"id":3420,"date":"2021-02-23T18:48:43","date_gmt":"2021-02-23T17:48:43","guid":{"rendered":"https:\/\/www.delikatessen-nussbaumer.at\/graz\/product\/epoisses-aop\/"},"modified":"2025-04-05T13:14:51","modified_gmt":"2025-04-05T11:14:51","slug":"epoisses-aop","status":"publish","type":"product","link":"https:\/\/www.delikatessen-nussbaumer.at\/?product=epoisses-aop&lang=de","title":{"rendered":"\u00c9poisses AOP"},"content":{"rendered":"<p><strong>N\u00e4hrwerte:<br \/>\n<\/strong>1201 kj\/290 kcal<br \/>\nFett: 24g, davon ges\u00e4ttigte Fetts\u00e4uren: 17g<br \/>\nKolenhydrate: 1g davon Zucker: 0.3g<br \/>\nEiwe\u00df: 17g<br \/>\nSalz: 1,8g<\/p>\n<div class=\"page\" title=\"Page 11\"><\/div>\n<p><strong>Zutaten:<br \/>\n<\/strong>Kuhmilch &#8211; Pasteurisiert<br \/>\nKulturen<br \/>\nLab (Tierisch, Kalb)<br \/>\nBurgunder Trester<br \/>\nSalz<br \/>\nF.I.T: 50%<\/p>\n<div class=\"page\" title=\"Page 11\">\n<div class=\"layoutArea\">\n<div class=\"column\"><\/div>\n<\/div>\n<\/div>\n<p>&nbsp;<\/p>\n","protected":false},"excerpt":{"rendered":"<p>Der \u00c9poisses S\u00e9lection Affineur wird nach alter Tradition hergestellt. Z\u00e4hlt zu den kr\u00e4ftigsten K\u00e4sen, und seine Rinde ist mit Marc de Bourgogne gewaschen. (Rotkultur)<\/p>\n","protected":false},"featured_media":3629,"comment_status":"open","ping_status":"closed","template":"","meta":[],"product_brand":[],"product_cat":[107,155],"product_tag":[],"class_list":{"0":"post-3420","1":"product","2":"type-product","3":"status-publish","4":"has-post-thumbnail","6":"product_cat-kaese","7":"product_cat-kuhmilchkaese","9":"first","10":"instock","11":"taxable","12":"shipping-taxable","13":"purchasable","14":"product-type-simple"},"_links":{"self":[{"href":"https:\/\/www.delikatessen-nussbaumer.at\/index.php?rest_route=\/wp\/v2\/product\/3420","targetHints":{"allow":["GET"]}}],"collection":[{"href":"https:\/\/www.delikatessen-nussbaumer.at\/index.php?rest_route=\/wp\/v2\/product"}],"about":[{"href":"https:\/\/www.delikatessen-nussbaumer.at\/index.php?rest_route=\/wp\/v2\/types\/product"}],"replies":[{"embeddable":true,"href":"https:\/\/www.delikatessen-nussbaumer.at\/index.php?rest_route=%2Fwp%2Fv2%2Fcomments&post=3420"}],"version-history":[{"count":7,"href":"https:\/\/www.delikatessen-nussbaumer.at\/index.php?rest_route=\/wp\/v2\/product\/3420\/revisions"}],"predecessor-version":[{"id":4500,"href":"https:\/\/www.delikatessen-nussbaumer.at\/index.php?rest_route=\/wp\/v2\/product\/3420\/revisions\/4500"}],"wp:featuredmedia":[{"embeddable":true,"href":"https:\/\/www.delikatessen-nussbaumer.at\/index.php?rest_route=\/wp\/v2\/media\/3629"}],"wp:attachment":[{"href":"https:\/\/www.delikatessen-nussbaumer.at\/index.php?rest_route=%2Fwp%2Fv2%2Fmedia&parent=3420"}],"wp:term":[{"taxonomy":"product_brand","embeddable":true,"href":"https:\/\/www.delikatessen-nussbaumer.at\/index.php?rest_route=%2Fwp%2Fv2%2Fproduct_brand&post=3420"},{"taxonomy":"product_cat","embeddable":true,"href":"https:\/\/www.delikatessen-nussbaumer.at\/index.php?rest_route=%2Fwp%2Fv2%2Fproduct_cat&post=3420"},{"taxonomy":"product_tag","embeddable":true,"href":"https:\/\/www.delikatessen-nussbaumer.at\/index.php?rest_route=%2Fwp%2Fv2%2Fproduct_tag&post=3420"}],"curies":[{"name":"wp","href":"https:\/\/api.w.org\/{rel}","templated":true}]}}