{"id":2782,"date":"2021-02-07T14:02:04","date_gmt":"2021-02-07T13:02:04","guid":{"rendered":"https:\/\/www.delikatessen-nussbaumer.at\/graz\/product\/tartare\/"},"modified":"2023-12-08T09:36:52","modified_gmt":"2023-12-08T08:36:52","slug":"tartare","status":"publish","type":"product","link":"https:\/\/www.delikatessen-nussbaumer.at\/?product=tartare&lang=de","title":{"rendered":"La D\u00e9licieuse &#8211; Sauce Tartare 250ml"},"content":{"rendered":"<p><strong>Zutaten:<\/strong><br \/>\nRaps\u00f6l<br \/>\nWasser<br \/>\nEssig<br \/>\nGurken<br \/>\nEIGELBpulver<br \/>\nKr\u00e4uter und Gew\u00fcrze (SELLERIE)<br \/>\nZucker<br \/>\nSalz<br \/>\nmodifizierte Maisst\u00e4rke<br \/>\nZwiebeln<br \/>\nKapern<br \/>\nM\u00f6hren<br \/>\nZwiebeln Pulver<br \/>\nS\u00e4uerungsmittel : Zitronens\u00e4ure-Milchs\u00e4ure<br \/>\nEstragon<br \/>\nnat\u00fcrliche Extrakten von Rosmarin und gr\u00fcnem Tee<br \/>\nAntioxidationsmittel : EDTA<br \/>\nKann Spuren enthalten von Senf, Weizen, Soja, Milch.<\/p>\n<p><strong>Durchschnittliche N\u00e4hrwerte pro 100g\/ml:<br \/>\n<\/strong>Energie: 2522 KJ (602 kcal)<br \/>\nFett: 65,4 g<br \/>\nDavon ges\u00e4ttigte Fetts\u00e4uren: 5,6 g<br \/>\nKohlenhydrate: 2,4 g<br \/>\nDavon Zucker: 1,1 g<br \/>\nEiwei\u00df: 0,8 g<br \/>\nSalz: 1.02 g<\/p>\n","protected":false},"excerpt":{"rendered":"<p>Tartare<\/p>\n","protected":false},"featured_media":2781,"comment_status":"open","ping_status":"closed","template":"","meta":[],"product_brand":[],"product_cat":[99],"product_tag":[],"class_list":{"0":"post-2782","1":"product","2":"type-product","3":"status-publish","4":"has-post-thumbnail","6":"product_cat-antipasti","8":"first","9":"instock","10":"taxable","11":"shipping-taxable","12":"purchasable","13":"product-type-simple"},"_links":{"self":[{"href":"https:\/\/www.delikatessen-nussbaumer.at\/index.php?rest_route=\/wp\/v2\/product\/2782","targetHints":{"allow":["GET"]}}],"collection":[{"href":"https:\/\/www.delikatessen-nussbaumer.at\/index.php?rest_route=\/wp\/v2\/product"}],"about":[{"href":"https:\/\/www.delikatessen-nussbaumer.at\/index.php?rest_route=\/wp\/v2\/types\/product"}],"replies":[{"embeddable":true,"href":"https:\/\/www.delikatessen-nussbaumer.at\/index.php?rest_route=%2Fwp%2Fv2%2Fcomments&post=2782"}],"version-history":[{"count":6,"href":"https:\/\/www.delikatessen-nussbaumer.at\/index.php?rest_route=\/wp\/v2\/product\/2782\/revisions"}],"predecessor-version":[{"id":4754,"href":"https:\/\/www.delikatessen-nussbaumer.at\/index.php?rest_route=\/wp\/v2\/product\/2782\/revisions\/4754"}],"wp:featuredmedia":[{"embeddable":true,"href":"https:\/\/www.delikatessen-nussbaumer.at\/index.php?rest_route=\/wp\/v2\/media\/2781"}],"wp:attachment":[{"href":"https:\/\/www.delikatessen-nussbaumer.at\/index.php?rest_route=%2Fwp%2Fv2%2Fmedia&parent=2782"}],"wp:term":[{"taxonomy":"product_brand","embeddable":true,"href":"https:\/\/www.delikatessen-nussbaumer.at\/index.php?rest_route=%2Fwp%2Fv2%2Fproduct_brand&post=2782"},{"taxonomy":"product_cat","embeddable":true,"href":"https:\/\/www.delikatessen-nussbaumer.at\/index.php?rest_route=%2Fwp%2Fv2%2Fproduct_cat&post=2782"},{"taxonomy":"product_tag","embeddable":true,"href":"https:\/\/www.delikatessen-nussbaumer.at\/index.php?rest_route=%2Fwp%2Fv2%2Fproduct_tag&post=2782"}],"curies":[{"name":"wp","href":"https:\/\/api.w.org\/{rel}","templated":true}]}}