{"id":2633,"date":"2021-02-07T13:59:02","date_gmt":"2021-02-07T12:59:02","guid":{"rendered":"https:\/\/www.delikatessen-nussbaumer.at\/graz\/product\/hummerbutter-cruscana\/"},"modified":"2024-04-17T12:05:08","modified_gmt":"2024-04-17T10:05:08","slug":"hummerbutter-cruscana","status":"publish","type":"product","link":"https:\/\/www.delikatessen-nussbaumer.at\/?product=hummerbutter-cruscana&lang=de","title":{"rendered":"Cruscana &#8211; Hummerbutter 100g"},"content":{"rendered":"<p><strong>Zutaten:<\/strong><br \/>\nMilch<br \/>\nHummer 28%<br \/>\nButter 15%<br \/>\nFisch<br \/>\nmodifizierte Maisst\u00e4rke<br \/>\nSalz<br \/>\nSenf (S\u00e4uerungsmittel: Zitronens\u00e4ure)<br \/>\nEssig<br \/>\nCayennepfeffer. Kann Spuren von Eiern und Sulfiten enthalten. Nach dem \u00d6ffnen im K\u00fchlschrank aufbewahren und innerhalb von 2 Tagen genie\u00dfen. Mindestens haltbar bis Ende: siehe Deckel. Hergestellt in Frankreich<\/p>\n","protected":false},"excerpt":{"rendered":"<p>Hummerbutter<\/p>\n","protected":false},"featured_media":2632,"comment_status":"open","ping_status":"closed","template":"","meta":[],"product_brand":[],"product_cat":[152],"product_tag":[],"class_list":{"0":"post-2633","1":"product","2":"type-product","3":"status-publish","4":"has-post-thumbnail","6":"product_cat-fischspezialitaeten","8":"first","9":"instock","10":"taxable","11":"shipping-taxable","12":"purchasable","13":"product-type-simple"},"_links":{"self":[{"href":"https:\/\/www.delikatessen-nussbaumer.at\/index.php?rest_route=\/wp\/v2\/product\/2633","targetHints":{"allow":["GET"]}}],"collection":[{"href":"https:\/\/www.delikatessen-nussbaumer.at\/index.php?rest_route=\/wp\/v2\/product"}],"about":[{"href":"https:\/\/www.delikatessen-nussbaumer.at\/index.php?rest_route=\/wp\/v2\/types\/product"}],"replies":[{"embeddable":true,"href":"https:\/\/www.delikatessen-nussbaumer.at\/index.php?rest_route=%2Fwp%2Fv2%2Fcomments&post=2633"}],"version-history":[{"count":3,"href":"https:\/\/www.delikatessen-nussbaumer.at\/index.php?rest_route=\/wp\/v2\/product\/2633\/revisions"}],"predecessor-version":[{"id":4841,"href":"https:\/\/www.delikatessen-nussbaumer.at\/index.php?rest_route=\/wp\/v2\/product\/2633\/revisions\/4841"}],"wp:featuredmedia":[{"embeddable":true,"href":"https:\/\/www.delikatessen-nussbaumer.at\/index.php?rest_route=\/wp\/v2\/media\/2632"}],"wp:attachment":[{"href":"https:\/\/www.delikatessen-nussbaumer.at\/index.php?rest_route=%2Fwp%2Fv2%2Fmedia&parent=2633"}],"wp:term":[{"taxonomy":"product_brand","embeddable":true,"href":"https:\/\/www.delikatessen-nussbaumer.at\/index.php?rest_route=%2Fwp%2Fv2%2Fproduct_brand&post=2633"},{"taxonomy":"product_cat","embeddable":true,"href":"https:\/\/www.delikatessen-nussbaumer.at\/index.php?rest_route=%2Fwp%2Fv2%2Fproduct_cat&post=2633"},{"taxonomy":"product_tag","embeddable":true,"href":"https:\/\/www.delikatessen-nussbaumer.at\/index.php?rest_route=%2Fwp%2Fv2%2Fproduct_tag&post=2633"}],"curies":[{"name":"wp","href":"https:\/\/api.w.org\/{rel}","templated":true}]}}