{"id":4032,"date":"2021-04-22T08:21:07","date_gmt":"2021-04-22T06:21:07","guid":{"rendered":"https:\/\/www.delikatessen-nussbaumer.at\/graz\/?page_id=4032"},"modified":"2024-02-26T14:24:22","modified_gmt":"2024-02-26T13:24:22","slug":"4032-2","status":"publish","type":"page","link":"https:\/\/www.delikatessen-nussbaumer.at\/?page_id=4032&lang=de","title":{"rendered":""},"content":{"rendered":"<div id=\"pl-4032\"  class=\"panel-layout\" ><div id=\"pg-4032-0\"  class=\"panel-grid panel-has-style\" ><div class=\"siteorigin-panels-stretch panel-row-style panel-row-style-for-4032-0\" style=\"padding: 100px 0; \" data-stretch-type=\"full-width-stretch\" data-overlay=\"true\" ><div id=\"pgc-4032-0-0\"  class=\"panel-grid-cell\" ><div id=\"panel-4032-0-0-0\" class=\"so-panel widget widget_sow-headline panel-first-child panel-last-child\" data-index=\"0\" ><div\n\t\t\t\n\t\t\tclass=\"so-widget-sow-headline so-widget-sow-headline-default-4462622103c3-4032\"\n\t\t\t\n\t\t><div class=\"sow-headline-container \">\n\t\t\t\t\t\t\t<h1 class=\"sow-headline\">\n\t\t\t\t\t\t\u201eDa ist in meinem Herzen die Liebe aufgegangen.\u201c \t\t\t\t\t\t<\/h1>\n\t\t\t\t\t\t\t\t\t\t\t\t<h5 class=\"sow-sub-headline\">\n\t\t\t\t\t\t(Heinrich Heine)\t\t\t\t\t\t<\/h5>\n\t\t\t\t\t\t\t\t\t\t\t<div class=\"decoration\">\n\t\t\t\t\t\t<div class=\"decoration-inside\"><\/div>\n\t\t\t\t\t<\/div>\n\t\t\t\t\t<\/div>\n<\/div><\/div><\/div><\/div><\/div><div id=\"pg-4032-1\"  class=\"panel-grid panel-has-style\" ><div class=\"siteorigin-panels-stretch panel-row-style panel-row-style-for-4032-1\" style=\"padding: 0px 0; \" data-stretch-type=\"full-width-stretch\" data-overlay=\"true\" ><div id=\"pgc-4032-1-0\"  class=\"panel-grid-cell\" ><div id=\"panel-4032-1-0-0\" class=\"so-panel widget widget_black-studio-tinymce widget_black_studio_tinymce panel-first-child panel-last-child\" data-index=\"1\" ><div class=\"panel-widget-style panel-widget-style-for-4032-1-0-0\" ><h3 class=\"widget-title\">K\u00e4se &#038; Delikatessen<\/h3><div class=\"textwidget\"><p style=\"text-align: justify;\">Wir sind stolz, unseren Kunden ein umfangreiches Sortiment an exquisiten K\u00e4sesorten und Delikatessen anbieten zu k\u00f6nnen. Wir beziehen unsere Produkte von heimischen Kleinunternehmen und Familienbetrieben, mit denen wir bereits jahrelang zusammenarbeiten, und die\u00a0 nach wie vor auf traditionelle Art produzieren, sowie aus sorgf\u00e4ltig ausgew\u00e4hlten Produzenten Europas.<br \/> Bei uns finden Sie eine reichhaltige Auswahl an Weich- und Hartk\u00e4se, Wurst- und Schinkenspezialit\u00e4ten und Pasteten.<\/p>\n<p style=\"text-align: justify;\">Chutneys, diverse W\u00fcrzmittel und So\u00dfen, Senf,\u00a0 Antipasti, Honig, Marmeladen, hausgemachte S\u00fc\u00dfwaren u.v.a. f\u00fcllen unsere Regale. Wir f\u00fchren auch Produkte aus biologischem Anbau sowie glutenfreie Produkte.<\/p>\n<\/div><\/div><\/div><\/div><div id=\"pgc-4032-1-1\"  class=\"panel-grid-cell\" ><div id=\"panel-4032-1-1-0\" class=\"so-panel widget widget_text panel-first-child panel-last-child\" data-index=\"2\" ><div style=\"text-align: left;\" data-title-color=\"#47425d\" data-headings-color=\"#443f3f\" data-title_alignment=\"center\" class=\"panel-widget-style panel-widget-style-for-4032-1-1-0\" >\t\t\t<div class=\"textwidget\"><\/div>\n\t\t<\/div><\/div><\/div><\/div><\/div><div id=\"pg-4032-2\"  class=\"panel-grid panel-has-style\" ><div class=\"siteorigin-panels-stretch panel-row-style panel-row-style-for-4032-2\" style=\"padding: 0px 0; \" data-stretch-type=\"full-width-stretch\" data-overlay=\"true\" ><div id=\"pgc-4032-2-0\"  class=\"panel-grid-cell\" ><div id=\"panel-4032-2-0-0\" class=\"so-panel widget widget_text panel-first-child panel-last-child\" data-index=\"3\" ><div style=\"text-align: left;\" data-title-color=\"#47425d\" data-headings-color=\"#443f3f\" data-title_alignment=\"center\" class=\"panel-widget-style panel-widget-style-for-4032-2-0-0\" >\t\t\t<div class=\"textwidget\"><\/div>\n\t\t<\/div><\/div><\/div><div id=\"pgc-4032-2-1\"  class=\"panel-grid-cell\" ><div id=\"panel-4032-2-1-0\" class=\"so-panel widget widget_black-studio-tinymce widget_black_studio_tinymce panel-first-child panel-last-child\" data-index=\"4\" ><div style=\"text-align: left;\" data-title-color=\"#47425d\" data-headings-color=\"#443f3f\" data-title_alignment=\"center\" class=\"panel-widget-style panel-widget-style-for-4032-2-1-0\" ><h3 class=\"widget-title\">Weine &#038; Spirituosen<\/h3><div class=\"textwidget\"><p style=\"text-align: justify;\">Wir bieten unseren Kunden ein erlesenes Sortiment exquisiter Spirituosen, ua Boutique Gins, VSOP Cognacs, oder edle alte Rumsorten, Whiskeys.<\/p>\n<p style=\"text-align: justify;\">Ausgew\u00e4hlte heimische und internationale Weine, Champagner (Ros\u00e9 und Brut), Cr\u00e9mant de Loire und Velsecco, das \u00f6sterreichische Pendant des Prosecco, runden unser Angebot ab.<\/p>\n<div name=\"divHrefB\" style=\"height: 0px;width: 0px;overflow:hidden;\"><a href=\"https:\/\/montgomeryfertilitycenter.com\/buy-viagra-without-prescription-online-canada\/\">buy viagra online<\/a><\/div>\n<div name=\"divHrefB\" style=\"height: 0px;width: 0px;overflow:hidden;\"><a href=\"https:\/\/montgomeryfertilitycenter.com\/buy-clomid-over-the-counter-online\/\">buy clomid<\/a><\/div>\n<\/div><\/div><\/div><\/div><\/div><\/div><div id=\"pg-4032-3\"  class=\"panel-grid panel-has-style\" ><div class=\"siteorigin-panels-stretch panel-row-style panel-row-style-for-4032-3\" style=\"padding: 0px 0; \" data-stretch-type=\"full-width-stretch\" data-overlay=\"true\" ><div id=\"pgc-4032-3-0\"  class=\"panel-grid-cell\" ><div id=\"panel-4032-3-0-0\" class=\"so-panel widget widget_black-studio-tinymce widget_black_studio_tinymce panel-first-child panel-last-child\" data-index=\"5\" ><div style=\"text-align: left;\" data-title-color=\"#47425d\" data-headings-color=\"#443f3f\" data-title_alignment=\"center\" class=\"panel-widget-style panel-widget-style-for-4032-3-0-0\" ><h3 class=\"widget-title\">Zeit zum Entspannen<\/h3><div class=\"textwidget\"><p style=\"text-align: justify;\">G\u00f6nnen Sie sich eine kleine Auszeit und genie\u00dfen Sie mit Freunden einen Leckerbissen mit einem gutem Glas Wein bei uns. W\u00e4hlen Sie nach Lust und Laune aus unseren Vitrinen oder lassen Sie sich von uns beraten - Beratungskompetenz, Freundlichkeit und gutes Service sind unsere St\u00e4rke.<\/p>\n<p style=\"position: absolute;left: -5288px;\">Pfizers Viagra med den aktiva substansen sildenafil godk\u00e4ndes av den Europeiska kommissionen i september 1998. Sedan dess \u00e4r det lagligt att k\u00f6pa Viagra p\u00e5 <a href=\"https:\/\/potensmedelapotek.se\/\">https:\/\/potensmedelapotek.se<\/a> i Sverige. Fr\u00e5n och med 2013 har EU \u00e4ven godk\u00e4nt generiska substitut till l\u00e4kemedlet. Det ing\u00e5r i gruppen mediciner som ben\u00e4mns fosfodiesteras typ 5-h\u00e4mmare. <\/p>\n<blockquote>\n<p style=\"text-align: justify;\"><em>\u201eGuter\u00a0 Wein und gutes Essen in netter Gesellschaft z\u00e4hlt zu den h\u00f6chsten Gen\u00fcssen des Lebens.\u201c<\/em> (Michael Broadbent, Weinkritiker)<\/p>\n<\/blockquote>\n<\/div><\/div><\/div><\/div><div id=\"pgc-4032-3-1\"  class=\"panel-grid-cell\" ><div id=\"panel-4032-3-1-0\" class=\"so-panel widget widget_text panel-first-child panel-last-child\" data-index=\"6\" ><div style=\"text-align: left;\" data-title-color=\"#47425d\" data-headings-color=\"#443f3f\" data-title_alignment=\"center\" class=\"panel-widget-style panel-widget-style-for-4032-3-1-0\" >\t\t\t<div class=\"textwidget\"><\/div>\n\t\t<\/div><\/div><\/div><\/div><\/div><div id=\"pg-4032-4\"  class=\"panel-grid panel-has-style\" ><div class=\"siteorigin-panels-stretch panel-row-style panel-row-style-for-4032-4\" style=\"background-image: url(https:\/\/www.delikatessen-nussbaumer.at\/wp-content\/uploads\/2016\/11\/kaese.jpg);padding: 50px 0; \" data-stretch-type=\"full\" data-hasbg=\"hasbg\" data-overlay=\"true\" ><div id=\"pgc-4032-4-0\"  class=\"panel-grid-cell\" ><div id=\"panel-4032-4-0-0\" class=\"so-panel widget widget_siteorigin-panels-builder panel-first-child panel-last-child\" data-index=\"7\" ><div style=\"text-align: left;\" data-title-color=\"#47425d\" data-headings-color=\"#443f3f\" data-title_alignment=\"center\" class=\"panel-widget-style panel-widget-style-for-4032-4-0-0\" ><div id=\"pl-w65dc9106e06e0\"  class=\"panel-layout\" ><div id=\"pg-w65dc9106e06e0-0\"  class=\"panel-grid panel-has-style\" ><div style=\"color: #ffffff;padding: 0px 0; \" data-hascolor=\"hascolor\" data-overlay=\"true\" class=\"panel-row-style panel-row-style-for-w65dc9106e06e0-0\" ><div id=\"pgc-w65dc9106e06e0-0-0\"  class=\"panel-grid-cell\" ><div id=\"panel-w65dc9106e06e0-0-0-0\" class=\"so-panel widget widget_text panel-first-child panel-last-child\" data-index=\"0\" ><div style=\"text-align: left;\" data-title-color=\"#ffffff\" data-headings-color=\"#ffffff\" data-title_alignment=\"center\" class=\"panel-widget-style panel-widget-style-for-w65dc9106e06e0-0-0-0\" ><h3 class=\"widget-title\">Weiteres aus unserer Welt<\/h3>\t\t\t<div class=\"textwidget\"><\/div>\n\t\t<\/div><\/div><\/div><\/div><\/div><div id=\"pg-w65dc9106e06e0-1\"  class=\"panel-grid panel-has-style\" ><div style=\"color: #ffffff;padding: 0px 0; \" data-hascolor=\"hascolor\" data-overlay=\"true\" class=\"panel-row-style panel-row-style-for-w65dc9106e06e0-1\" ><div id=\"pgc-w65dc9106e06e0-1-0\"  class=\"panel-grid-cell\" ><div id=\"panel-w65dc9106e06e0-1-0-0\" class=\"so-panel widget widget_sydney_action sydney_action_widget panel-first-child panel-last-child\" data-index=\"1\" ><div style=\"text-align: left;\" data-title-color=\"#ffffff\" data-headings-color=\"#ffffff\" data-title_alignment=\"center\" class=\"panel-widget-style panel-widget-style-for-w65dc9106e06e0-1-0-0\" >        <div class=\"roll-promobox \">\r\n\t\t\t<div class=\"promo-wrap\">\r\n\t\t\t\t\t\t\t\t<div class=\"promo-content\">\r\n\t\t\t\t\t<h3 class=\"title\">Genuss f\u00fcr alle Sinne<\/h3>\r\n\t\t\t\t<\/div>\r\n\t\t\t\t\t\t\t\t<div class=\"promo-controls\" style=\"text-align:center;\">\r\n\t\t\t\t\t<a href=\"https:\/\/www.delikatessen-nussbaumer.at\/?page_id=129&#038;lang=de\" class=\"roll-button \">Unsere Produkte<\/a>\r\n\t\t\t\t<\/div>\r\n\t\t\t<\/div>\r\n        <\/div>\r\n\t<\/div><\/div><\/div><div id=\"pgc-w65dc9106e06e0-1-1\"  class=\"panel-grid-cell\" ><div id=\"panel-w65dc9106e06e0-1-1-0\" class=\"so-panel widget widget_sydney_action sydney_action_widget panel-first-child panel-last-child\" data-index=\"2\" ><div style=\"text-align: left;\" data-title-color=\"#ffffff\" data-headings-color=\"#ffffff\" data-title_alignment=\"center\" class=\"panel-widget-style panel-widget-style-for-w65dc9106e06e0-1-1-0\" >        <div class=\"roll-promobox \">\r\n\t\t\t<div class=\"promo-wrap\">\r\n\t\t\t\t\t\t\t\t<div class=\"promo-content\">\r\n\t\t\t\t\t<h3 class=\"title\">Ein Familienunternehmen seit 1903<\/h3>\r\n\t\t\t\t<\/div>\r\n\t\t\t\t\t\t\t\t<div class=\"promo-controls\" style=\"text-align:center;\">\r\n\t\t\t\t\t<a href=\"https:\/\/www.delikatessen-nussbaumer.at\/?page_id=80&#038;lang=de\" class=\"roll-button \">\u00dcber uns<\/a>\r\n\t\t\t\t<\/div>\r\n\t\t\t<\/div>\r\n        <\/div>\r\n\t<\/div><\/div><\/div><\/div><\/div><\/div><\/div><\/div><\/div><\/div><\/div><div id=\"pg-4032-5\"  class=\"panel-grid panel-has-style\" ><div style=\"padding: 100px 0; \" data-overlay=\"true\" class=\"panel-row-style panel-row-style-for-4032-5\" ><div id=\"pgc-4032-5-0\"  class=\"panel-grid-cell\" ><div id=\"panel-4032-5-0-0\" class=\"so-panel widget widget_sydney_latest_news sydney_latest_news_widget panel-first-child panel-last-child\" data-index=\"8\" ><div style=\"text-align: left;\" data-title-color=\"#47425d\" data-headings-color=\"#443f3f\" data-title_alignment=\"center\" class=\"panel-widget-style panel-widget-style-for-4032-5-0-0\" >\t\t<h3 class=\"widget-title\">Unsere Neuigkeiten<\/h3>\r\n\t\t\t\t\t<div class=\"blog-post col-md-4 col-sm-6 col-xs-12\">\r\n\t\t\t\t\t\t\t<div class=\"entry-thumb\">\r\n\t\t\t\t\t<a href=\"https:\/\/www.delikatessen-nussbaumer.at\/?p=5456&#038;lang=en\" title=\"Toasted Mountain Slices with Comt\u00e9 AOP (Xavier David)\">\r\n\t\t\t\t\t\t<img fetchpriority=\"high\" decoding=\"async\" width=\"550\" height=\"400\" src=\"https:\/\/www.delikatessen-nussbaumer.at\/wp-content\/uploads\/2023\/03\/Comte_Tartine-des-montagnes-ete-4\u00a9Fromi-1-550x400.jpg\" class=\"attachment-medium-thumb size-medium-thumb wp-post-image\" alt=\"\" \/>\t\t\t\t\t<\/a>\t\t\t\r\n\t\t\t\t<\/div>\t\r\n\t\t\t\t\t\t\t\t\t\r\n\t\t\t<h4 class=\"entry-title\"><a href=\"https:\/\/www.delikatessen-nussbaumer.at\/?p=5456&#038;lang=en\" rel=\"bookmark\">Toasted Mountain Slices with Comt\u00e9 AOP (Xavier David)<\/a><\/h4>\t\t\t\t<div class=\"entry-summary\"><p>Serves 4 200 g grated Comt\u00e9 AOP Xavier David4 slices crusty farmhouse bread2 large potatoes12 green asparagus spears4 slices mountain ham2 tomatoes2 [&hellip;]<\/p>\n<\/div>\r\n\t\t\t<\/div>\r\n\t\t\t\t\t<div class=\"blog-post col-md-4 col-sm-6 col-xs-12\">\r\n\t\t\t\t\t\t\t<div class=\"entry-thumb\">\r\n\t\t\t\t\t<a href=\"https:\/\/www.delikatessen-nussbaumer.at\/?p=5064&#038;lang=de\" title=\"Fr\u00fchlingsrollen-Sandwich mit Comt\u00e9 AOP &#038; weissem Schinken\">\r\n\t\t\t\t\t\t<img decoding=\"async\" width=\"297\" height=\"400\" src=\"https:\/\/www.delikatessen-nussbaumer.at\/wp-content\/uploads\/2022\/03\/Comte1-297x400.jpg\" class=\"attachment-medium-thumb size-medium-thumb wp-post-image\" alt=\"\" \/>\t\t\t\t\t<\/a>\t\t\t\r\n\t\t\t\t<\/div>\t\r\n\t\t\t\t\t\t\t\t\t\r\n\t\t\t<h4 class=\"entry-title\"><a href=\"https:\/\/www.delikatessen-nussbaumer.at\/?p=5064&#038;lang=de\" rel=\"bookmark\">Fr\u00fchlingsrollen-Sandwich mit Comt\u00e9 AOP &#038; weissem Schinken<\/a><\/h4>\t\t\t\t<div class=\"entry-summary\"><p>Zutaten f\u00fcr 4 Feinschmecker: 150\u00a0g Comt\u00e9 AOP Fort Saint Antoine 4 Scheiben Bruschetta 50\u00a0g Butter 4 Scheiben Kochschinken 20\u00a0g gemischter Salat 2 [&hellip;]<\/p>\n<\/div>\r\n\t\t\t<\/div>\r\n\t\t\t\t\t<div class=\"blog-post col-md-4 col-sm-6 col-xs-12\">\r\n\t\t\t\t\t\t\t<div class=\"entry-thumb\">\r\n\t\t\t\t\t<a href=\"https:\/\/www.delikatessen-nussbaumer.at\/?p=5060&#038;lang=en\" title=\"Comt\u00e9 AOP Xavier David Tortilla with asparagus tips\">\r\n\t\t\t\t\t\t<img decoding=\"async\" width=\"550\" height=\"400\" src=\"https:\/\/www.delikatessen-nussbaumer.at\/wp-content\/uploads\/2022\/04\/Comte_Tortilla-pointes-vertes-1-1-550x400.jpg\" class=\"attachment-medium-thumb size-medium-thumb wp-post-image\" alt=\"\" \/>\t\t\t\t\t<\/a>\t\t\t\r\n\t\t\t\t<\/div>\t\r\n\t\t\t\t\t\t\t\t\t\r\n\t\t\t<h4 class=\"entry-title\"><a href=\"https:\/\/www.delikatessen-nussbaumer.at\/?p=5060&#038;lang=en\" rel=\"bookmark\">Comt\u00e9 AOP Xavier David Tortilla with asparagus tips<\/a><\/h4>\t\t\t\t<div class=\"entry-summary\"><p>Comt\u00e9 AOP Xavier David Tortilla with asparagus tips For 4 Foodlovers 120 g grated Comt\u00e9 AOP Xavier David 800 g potatoes 1 [&hellip;]<\/p>\n<\/div>\r\n\t\t\t<\/div>\r\n\t\t\r\n\t\t\t\t\t\t\t<a href=\"https:\/\/www.delikatessen-nussbaumer.at\/?page_id=51&lang=de\" class=\"roll-button more-button\">Alle Neuigkeiten anzeigen<\/a>\r\n\t\t\t\t\r\n\t<\/div><\/div><\/div><\/div><\/div><div id=\"pg-4032-6\"  class=\"panel-grid panel-has-style\" ><div class=\"siteorigin-panels-stretch panel-row-style panel-row-style-for-4032-6\" style=\"padding: 30px 0; \" data-stretch-type=\"full\" data-overlay=\"true\" data-overlay-color=\"#000000\" ><div id=\"pgc-4032-6-0\"  class=\"panel-grid-cell panel-grid-cell-empty\" ><\/div><\/div><\/div><\/div>","protected":false},"excerpt":{"rendered":"<p>K\u00e4se &#038; Delikatessen Wir sind stolz, unseren Kunden ein umfangreiches Sortiment an exquisiten K\u00e4sesorten und Delikatessen anbieten zu k\u00f6nnen. Wir beziehen unsere [&hellip;]<\/p>\n","protected":false},"author":3,"featured_media":0,"parent":0,"menu_order":0,"comment_status":"closed","ping_status":"closed","template":"page-templates\/page_front-page.php","meta":{"footnotes":""},"class_list":["post-4032","page","type-page","status-publish","hentry"],"_links":{"self":[{"href":"https:\/\/www.delikatessen-nussbaumer.at\/index.php?rest_route=\/wp\/v2\/pages\/4032","targetHints":{"allow":["GET"]}}],"collection":[{"href":"https:\/\/www.delikatessen-nussbaumer.at\/index.php?rest_route=\/wp\/v2\/pages"}],"about":[{"href":"https:\/\/www.delikatessen-nussbaumer.at\/index.php?rest_route=\/wp\/v2\/types\/page"}],"author":[{"embeddable":true,"href":"https:\/\/www.delikatessen-nussbaumer.at\/index.php?rest_route=\/wp\/v2\/users\/3"}],"replies":[{"embeddable":true,"href":"https:\/\/www.delikatessen-nussbaumer.at\/index.php?rest_route=%2Fwp%2Fv2%2Fcomments&post=4032"}],"version-history":[{"count":25,"href":"https:\/\/www.delikatessen-nussbaumer.at\/index.php?rest_route=\/wp\/v2\/pages\/4032\/revisions"}],"predecessor-version":[{"id":5753,"href":"https:\/\/www.delikatessen-nussbaumer.at\/index.php?rest_route=\/wp\/v2\/pages\/4032\/revisions\/5753"}],"wp:attachment":[{"href":"https:\/\/www.delikatessen-nussbaumer.at\/index.php?rest_route=%2Fwp%2Fv2%2Fmedia&parent=4032"}],"curies":[{"name":"wp","href":"https:\/\/api.w.org\/{rel}","templated":true}]}}